{"id":26617,"date":"2022-05-23T04:31:09","date_gmt":"2022-05-23T09:31:09","guid":{"rendered":"https:\/\/astridcerna.com\/?page_id=26617"},"modified":"2023-01-26T11:50:47","modified_gmt":"2023-01-26T16:50:47","slug":"politica-de-privacidad","status":"publish","type":"page","link":"https:\/\/astridcerna.com\/academy\/politica-de-privacidad\/","title":{"rendered":"Pol\u00edtica de Privacidad"},"content":{"rendered":"\t\t<div data-elementor-type=\"wp-page\" data-elementor-id=\"26617\" class=\"elementor elementor-26617\">\n\t\t\t\t\t\t<section class=\"elementor-section elementor-top-section elementor-element elementor-element-acae36e elementor-section-boxed elementor-section-height-default elementor-section-height-default\" data-id=\"acae36e\" data-element_type=\"section\" data-e-type=\"section\">\n\t\t\t\t\t\t<div class=\"elementor-container elementor-column-gap-default\">\n\t\t\t\t\t<div class=\"elementor-column elementor-col-100 elementor-top-column elementor-element elementor-element-37ebb6a\" data-id=\"37ebb6a\" data-element_type=\"column\" data-e-type=\"column\">\n\t\t\t<div class=\"elementor-widget-wrap elementor-element-populated\">\n\t\t\t\t\t\t<div class=\"elementor-element elementor-element-b861547 elementor-widget elementor-widget-text-editor\" data-id=\"b861547\" data-element_type=\"widget\" data-e-type=\"widget\" data-widget_type=\"text-editor.default\">\n\t\t\t\t<div class=\"elementor-widget-container\">\n\t\t\t\t\t\t\t\t\t<ul><li><h3><strong>Datos de contacto<\/strong><\/h3><\/li><\/ul><p><strong>Razon Social: <\/strong>Academia Astrid Cerna EIRL<\/p><p><strong>RUC:<\/strong> 20606524065<\/p><p><strong>Direcci\u00f3n:<\/strong>\u00a0 Calle Los C\u00e1ntaros Mz. J Lt. 3 Urb. Palmas del Golf &#8211; Victor Larco Herrera &#8211; Trujillo &#8211; Per\u00fa.<\/p><p><strong>Correo electr\u00f3nico de contacto del Titular:<\/strong> hola@astridcerna.com<\/p><p>Titular y Responsable del tratamiento de los Datos<\/p><ul><li><h3><strong>Gesti\u00f3n de Pagos<\/strong><\/h3><\/li><\/ul><p>Los servicios de gesti\u00f3n de pagos permiten a esta P\u00e1gina Web procesar pagos por tarjeta de cr\u00e9dito, transferencia bancaria o por otros medios. A fin de garantizar una mayor seguridad, esta P\u00e1gina Web s\u00f3lo comparte con los intermediarios financieros que gestionan este sistema de pago la informaci\u00f3n necesaria para realizar la transacci\u00f3n.<\/p><p>Algunos de estos servicios tambi\u00e9n pueden permitir el env\u00edo de mensajes programados al Usuario, como correos electr\u00f3nicos con facturas adjuntas u otras notificaciones relativas al pago.<\/p><p><strong>PayPal (Paypal)<\/strong><\/p><p>PayPal es un servicio de pagos prestado por PayPal Inc., que permite a los Usuarios realizar pagos online.<\/p><p>Datos Personales tratados: distintas clases de Datos, seg\u00fan se especifica en la Pol\u00edtica de Privacidad del servicio.<\/p><p>Lugar de tratamiento: Consulte la pol\u00edtica de privacidad de PayPal \u2013 Pol\u00edtica de privacidad.<\/p><p><strong>OpenPay<\/strong><\/p><p>OpenPay es un servicio de pagos prestado por OPENPAY PER\u00da S.A.<\/p><p>Datos Personales tratados: distintas clases de Datos, seg\u00fan se especifica en la Pol\u00edtica de Privacidad del servicio.<\/p><p>Lugar de tratamiento: Per\u00fa &#8211; <a href=\"https:\/\/www.openpay.pe\/terminos-condiciones\/#uso-de-los-servicios-de-Openpay\" target=\"_blank\" rel=\"noopener\">Politica de Privacidad<\/a><\/p><p><strong>Culqi<\/strong><\/p><p>Culqi es un servicio de pagos prestado por Compan\u0303i\u0301a Incubadora de Soluciones Mo\u0301viles S.A.C.<\/p><p>Datos Personales tratados: distintas clases de Datos, seg\u00fan se especifica en la Pol\u00edtica de Privacidad del servicio.<\/p><p>Lugar de tratamiento: Per\u00fa &#8211; Politica de Privacidad<\/p><ul><li><h3><strong>Guardado y gesti\u00f3n de Backup<\/strong><\/h3><\/li><\/ul><p>Este tipo de servicios permiten al Titular guardar y gestionar backups de esta P\u00e1gina Web en servidores externos gestionados por el mismo proveedor del servicio. Los backups pueden incluir bien el c\u00f3digo fuente y el contenido de \u00e9sta, bien los datos proporcionados por el Usuario a esta P\u00e1gina Web.<\/p><p>Backup en Google Drive (Google Inc.)<\/p><p>Google Drive es un servicio para guardar y gestionar backups prestado por Google Inc.<\/p><p>Datos Personales tratados: distintas clases de Datos, seg\u00fan se especifica en la Pol\u00edtica de Privacidad del servicio.<\/p><p>Lugar de tratamiento: EE.UU. \u2013 Pol\u00edtica de privacidad. Integrante del acuerdo \u201ePrivacy Shield\u201d.<\/p><p>\u00a0<\/p>\t\t\t\t\t\t\t\t<\/div>\n\t\t\t\t<\/div>\n\t\t\t\t\t<\/div>\n\t\t<\/div>\n\t\t\t\t\t<\/div>\n\t\t<\/section>\n\t\t\t\t<\/div>\n\t\t","protected":false},"excerpt":{"rendered":"<p>Datos de contacto Razon Social: Academia Astrid Cerna EIRL RUC: 20606524065 Direcci\u00f3n:\u00a0 Calle Los C\u00e1ntaros Mz. J Lt. 3 Urb. Palmas del Golf &#8211; Victor Larco Herrera &#8211; Trujillo &#8211; Per\u00fa. Correo electr\u00f3nico de contacto del Titular: hola@astridcerna.com Titular y Responsable del tratamiento de los Datos Gesti\u00f3n de Pagos Los servicios de gesti\u00f3n de pagos [&hellip;]<\/p>\n","protected":false},"author":2,"featured_media":0,"parent":0,"menu_order":0,"comment_status":"closed","ping_status":"closed","template":"","meta":{"rs_blank_template":"","rs_page_bg_color":"","slide_template_v7":"","_joinchat":{"telephone":"+51950721075"},"footnotes":""},"class_list":["post-26617","page","type-page","status-publish","hentry"],"_links":{"self":[{"href":"https:\/\/astridcerna.com\/academy\/wp-json\/wp\/v2\/pages\/26617","targetHints":{"allow":["GET"]}}],"collection":[{"href":"https:\/\/astridcerna.com\/academy\/wp-json\/wp\/v2\/pages"}],"about":[{"href":"https:\/\/astridcerna.com\/academy\/wp-json\/wp\/v2\/types\/page"}],"author":[{"embeddable":true,"href":"https:\/\/astridcerna.com\/academy\/wp-json\/wp\/v2\/users\/2"}],"replies":[{"embeddable":true,"href":"https:\/\/astridcerna.com\/academy\/wp-json\/wp\/v2\/comments?post=26617"}],"version-history":[{"count":0,"href":"https:\/\/astridcerna.com\/academy\/wp-json\/wp\/v2\/pages\/26617\/revisions"}],"wp:attachment":[{"href":"https:\/\/astridcerna.com\/academy\/wp-json\/wp\/v2\/media?parent=26617"}],"curies":[{"name":"wp","href":"https:\/\/api.w.org\/{rel}","templated":true}]}}