{"id":27446,"date":"2022-05-27T12:22:11","date_gmt":"2022-05-27T17:22:11","guid":{"rendered":"https:\/\/astridcerna.com\/?post_type=product&#038;p=27446"},"modified":"2025-02-06T23:54:43","modified_gmt":"2025-02-07T04:54:43","slug":"curso-maquillaje-profesional-inicio-pack","status":"publish","type":"product","link":"https:\/\/astridcerna.com\/academy\/curso-maquillaje-profesional-inicio-pack\/","title":{"rendered":"Curso Maquillaje Profesional Inicio Pack"},"content":{"rendered":"<h2>Curso Maquillaje Profesional Inicio Pack<\/h2>\n<h3>Curso Introducci\u00f3n al Maquillaje<\/h3>\n<p>Una manera f\u00e1cil de iniciarse en el maquillaje. En Introducci\u00f3n al Maquillaje aprender\u00e1s conocimientos b\u00e1sicos para convertirte en una profesional.<\/p>\n<h3>Curso Automaquillaje Nivel 1<\/h3>\n<p>Nos enfocamos en t\u00e9cnicas de Maquillaje para piel y ojos, es ideal para personas que desean aprender a maquillarse como expertas.<\/p>\n<h3>Curso Cut Crease Flotante<\/h3>\n<p>Cut Crease Flotante: t\u00e9cnica de make up muy espec\u00edfica: se trata de centrar la atenci\u00f3n en la cuenca de tu p\u00e1rpado para darle mucha intensidad a la mirada.<\/p>\n","protected":false},"excerpt":{"rendered":"<p>Curso Maquillaje Profesional Inicio Pack Curso Introducci\u00f3n al Maquillaje Una manera f\u00e1cil de iniciarse en el maquillaje. En Introducci\u00f3n al Maquillaje aprender\u00e1s conocimientos b\u00e1sicos para convertirte en una profesional. Curso Automaquillaje Nivel 1 Nos enfocamos en t\u00e9cnicas de Maquillaje para piel y ojos, es ideal para personas que desean aprender a maquillarse como expertas. Curso [&hellip;]<\/p>\n","protected":false},"featured_media":27447,"comment_status":"open","ping_status":"closed","template":"","meta":{"rs_blank_template":"","rs_page_bg_color":"","slide_template_v7":"","_joinchat":[]},"product_brand":[],"product_cat":[15],"product_tag":[],"class_list":{"0":"post-27446","1":"product","2":"type-product","3":"status-publish","4":"has-post-thumbnail","6":"product_cat-cursos-maquillaje","8":"first","9":"instock","10":"sale","11":"sold-individually","12":"shipping-taxable","13":"purchasable","14":"product-type-woosb"},"_links":{"self":[{"href":"https:\/\/astridcerna.com\/academy\/wp-json\/wp\/v2\/product\/27446","targetHints":{"allow":["GET"]}}],"collection":[{"href":"https:\/\/astridcerna.com\/academy\/wp-json\/wp\/v2\/product"}],"about":[{"href":"https:\/\/astridcerna.com\/academy\/wp-json\/wp\/v2\/types\/product"}],"replies":[{"embeddable":true,"href":"https:\/\/astridcerna.com\/academy\/wp-json\/wp\/v2\/comments?post=27446"}],"wp:featuredmedia":[{"embeddable":true,"href":"https:\/\/astridcerna.com\/academy\/wp-json\/wp\/v2\/media\/27447"}],"wp:attachment":[{"href":"https:\/\/astridcerna.com\/academy\/wp-json\/wp\/v2\/media?parent=27446"}],"wp:term":[{"taxonomy":"product_brand","embeddable":true,"href":"https:\/\/astridcerna.com\/academy\/wp-json\/wp\/v2\/product_brand?post=27446"},{"taxonomy":"product_cat","embeddable":true,"href":"https:\/\/astridcerna.com\/academy\/wp-json\/wp\/v2\/product_cat?post=27446"},{"taxonomy":"product_tag","embeddable":true,"href":"https:\/\/astridcerna.com\/academy\/wp-json\/wp\/v2\/product_tag?post=27446"}],"curies":[{"name":"wp","href":"https:\/\/api.w.org\/{rel}","templated":true}]}}